 of 59093853.
3, 7, 13, 17, 107
What are the prime factors of 1614059379?
3, 173, 115183
What are the prime factors of 511344992?
2, 43, 371617
List the prime factors of 120356333.
120356333
What are the prime factors of 2279809096?
2, 284976137
What are the prime factors of 3846871239?
3, 1861, 689033
List the prime factors of 73634823.
3, 19, 223, 1931
What are the prime factors of 894098098?
2, 1327, 336887
What are the prime factors of 47912750?
2, 5, 43, 4457
What are the prime factors of 4155565946?
2, 7, 296826139
List the prime factors of 25843870.
2, 5, 13, 61, 3259
What are the prime factors of 3167346155?
5, 137, 4623863
What are the prime factors of 1947451298?
2, 13, 47, 1593659
List the prime factors of 720531024.
2, 3, 61, 73, 3371
List the prime factors of 708461486.
2, 239, 1482137
List the prime factors of 73160878.
2, 7, 5225777
List the prime factors of 419765802.
2, 3, 17, 4115351
What are the prime factors of 672344026?
2, 15641, 21493
List the prime factors of 958492870.
2, 5, 821, 116747
What are the prime factors of 157068652?
2, 13, 3020551
What are the prime factors of 3765297522?
2, 3, 7, 89649941
List the prime factors of 326671196.
2, 29, 2816131
List the prime factors of 5385353.
211, 25523
What are the prime factors of 43012260?
2, 3, 5, 83, 2879
List the prime factors of 35943857.
35943857
List the prime factors of 487771612.
2, 3761, 32423
List the prime factors of 181238879.
181238879
What are the prime factors of 167556561?
3, 127, 439781
What are the prime factors of 591452276?
2, 719, 205651
List the prime factors of 296852806.
2, 5563, 26681
What are the prime factors of 545051782?
2, 11, 24775081
List the prime factors of 205454860.
2, 5, 13, 17, 23, 43, 47
What are the prime factors of 3292400?
2, 5, 8231
List the prime factors of 85209714.
2, 3, 29, 239, 683
What are the prime factors of 2348506243?
2348506243
What are the prime factors of 323075452?
2, 7, 11538409
What are the prime factors of 865686863?
865686863
What are the prime factors of 21601898?
2, 19, 568471
What are the prime factors of 22017232?
2, 1376077
What are the prime factors of 3097980775?
5, 123919231
What are the prime factors of 1105099840?
2, 5, 13, 211, 1259
List the prime factors of 391941036.
2, 3, 151, 72101
What are the prime factors of 213191584?
2, 61, 149, 733
What are the prime factors of 361705372?
2, 7, 12918049
What are the prime factors of 3788488959?
3, 337, 613, 6113
What are the prime factors of 2125864383?
3, 389, 1821649
What are the prime factors of 131092356?
2, 3, 10924363
What are the prime factors of 5131540110?
2, 3, 5, 73, 2343169
List the prime factors of 1377144.
2, 3, 31, 617
What are the prime factors of 22679225?
5, 907169
List the prime factors of 684945137.
1151, 595087
What are the prime factors of 131341565?
5, 43, 610891
What are the prime factors of 4373889576?
2, 3, 7, 23, 1131959
List the prime factors of 600755560.
2, 5, 409, 36721
What are the prime factors of 4651495358?
2, 17, 136808687
List the prime factors of 48487080.
2, 3, 5, 47, 8597
List the prime factors of 333812829.
3, 7, 601, 26449
What are the prime factors of 12013377?
3, 19, 210761
What are the prime factors of 407427553?
13, 31340581
What are the prime factors of 252621463?
252621463
What are the prime factors of 683445373?
13, 17, 3092513
List the prime factors of 126873841.
1721, 73721
List the prime factors of 4054398968.
2, 23, 22034777
List the prime factors of 119730582.
2, 3, 2217233
List the prime factors of 76245218.
2, 7, 257, 21191
List the prime factors of 103423308.
2, 3, 17, 19, 26683
List the prime factors of 22758813.
3, 7, 11, 41, 89
What are the prime factors of 39095135?
5, 211, 37057
What are the prime factors of 865446068?
2, 216361517
List the prime factors of 48092733.
3, 13, 411049
List the prime factors of 65415100.
2, 5, 19, 34429
List the prime factors of 6702185.
5, 7, 191491
What are the prime factors of 115944423?
3, 7, 419, 13177
List the prime factors of 237709074.
2, 3, 43, 921353
What are the prime factors of 3124763590?
2, 5, 13, 37, 649639
What are the prime factors of 192637?
192637
List the prime factors of 49945210.
2, 5, 7, 101929
What are the prime factors of 75351867?
3, 43, 263, 2221
List the prime factors of 204318708.
2, 3, 11, 509, 3041
List the prime factors of 17250460.
2, 5, 23, 37501
List the prime factors of 471510798.
2, 3, 11, 149, 47947
List the prime factors of 38635946.
2, 29, 751, 887
List the prime factors of 239328757.
67, 83, 43037
List the prime factors of 883274075.
5, 35330963
What are the prime factors of 6589784?
2, 823723
List the prime factors of 50997870.
2, 3, 5, 7, 11, 223
List the prime factors of 314046663.
3, 7, 223, 67061
List the prime factors of 1206811946.
2, 17, 541, 65609
What are the prime factors of 11125099?
59, 193, 977
What are the prime factors of 193339868?
2, 29, 43, 83, 467
What are the prime factors of 4413244994?
2, 10093, 218629
List the prime factors of 6295395471.
3, 41, 51182077
What are the prime factors of 3246908132?
2, 13, 17, 31, 109, 1087
List the prime factors of 33323677.
33323677
What are the prime factors of 63605768?
2, 19, 418459
List the prime factors of 250814362.
2, 17, 173, 42641
List the prime factors of 2180196.
2, 3, 2243
List the prime factors of 87349627.
87349627
What are the prime factors of 91405796?
2, 29, 787981
What are the prime factors of 70561423?
1213, 58171
List the prime factors of 914806458.
2, 3, 71, 715811
List the prime factors of 668254368.
2, 3, 251, 27733
What are the prime factors of 114095256?
2, 3, 11, 101, 389
What are the prime factors of 137808021?
3, 13, 3533539
List the prime factors of 221749839.
3, 43, 389, 491
List the prime factors of 523721374.
2, 11, 23805517
List the prime factors of 44778335.
5, 7, 991, 1291
What are the prime factors of 37802548?
2, 7, 151, 8941
What are the prime factors of 29474288?
2, 199, 9257
List the prime factors of 146326115.
5, 13, 23, 7529
List the prime factors of 548255507.
19, 103, 433, 647
List the prime factors of 36989792.
2, 7, 165133
What are the prime factors of 10372334?
2, 7, 179, 4139
What are the prime factors of 410258255?
5, 11, 173, 43117
What are the prime factors of 178867088?
2, 1049, 10657
What are the prime factors of 16431284?
2, 29, 141649
List the prime factors of 104782406.
2, 52391203
List the prime factors of 57301231.
13, 41, 107507
What are the prime factors of 92431260?
2, 3, 5, 171169
What are the prime factors of 127907193?
3, 42635731
What are the prime factors of 121675287?
3, 59, 687431
List the prime factors of 5131397089.
7, 13, 19, 53, 55997
List the prime factors of 3356288628.
2, 3, 7, 11, 199, 18253
List the prime factors of 49869230.
2, 5, 4986923
What are the prime factors of 298334273?
298334273
List the prime factors of 1241135570.
2, 5, 124113557
List the prime factors of 86776608.
2, 3, 23, 39301
List the prime factors of 364111842.
2, 3, 60685307
What are the prime factors of 53316410?
2, 5, 7, 53, 2053
List the prime factors of 606788156.
2, 13, 97, 120299
What are the prime factors of 722455939?
23201, 31139
List the prime factors of 1193751661.
59, 1889, 10711
List the prime factors of 25974005.
5, 563, 9227
What are the prime factors of 12877853?
433, 29741
What are the prime factors of 37448293?
41, 913373
List the prime factors of 49981177.
4327, 11551
What are the prime factors of 409875226?
2, 23, 43, 61, 79
List the prime factors of 26648614.
2, 1823, 7309
List the prime factors of 204167534.
2, 5413, 18859
List the prime factors of 462692921.
19, 24352259
List the prime factors of 1275911123.
19, 67153217
What are the prime factors of 3145982352?
2, 3, 65541299
List the prime factors of 50287251.
3, 7, 2394631
What are the prime factors of 735898226?
2, 7, 6037, 8707
What are the prime factors of 651837849?
3, 13, 16713791
What are the prime factors of 6831269460?
2, 3, 5, 17, 9187
List the prime factors of 78978551.
733, 107747
What are the prime factors of 34095326?
2, 17047663
What are the prime factors of 1637506770?
2, 3, 5, 54583559
What are the prime factors of 602531845?
5, 120506369
List the prime factors of 413089130.
2, 5, 509, 81157
What are the prime factors of 3205180118?
